{"id":78,"date":"2015-10-19T23:05:42","date_gmt":"2015-10-19T21:05:42","guid":{"rendered":"http:\/\/www.grundschule-herkenrath.de\/hp\/?page_id=78"},"modified":"2025-09-08T13:58:30","modified_gmt":"2025-09-08T11:58:30","slug":"sekretariat","status":"publish","type":"page","link":"https:\/\/www.grundschule-herkenrath.de\/hp\/team-2\/sekretariat\/","title":{"rendered":"Sekretariat"},"content":{"rendered":"\n<p>Unsere neue Sekret\u00e4rin Frau Ispas unerst\u00fctzt die Schule bei zahlreichen Verwaltungst\u00e4tigkeiten und beantwortet Ihnen gerne Fragen zu Terminen und Veranstaltungen.<br \/>Die \u00d6ffnungszeiten des Sekretariats entnehmen Sie bitte der Seite &#8222;<a href=\"https:\/\/www.grundschule-herkenrath.de\/hp\/?page_id=2\">Kontakt<\/a>&#8222;.<\/p>\n","protected":false},"excerpt":{"rendered":"<p>Unsere neue Sekret\u00e4rin Frau Ispas unerst\u00fctzt die Schule bei zahlreichen Verwaltungst\u00e4tigkeiten und beantwortet Ihnen gerne Fragen zu Terminen und Veranstaltungen.Die \u00d6ffnungszeiten des Sekretariats entnehmen Sie bitte der Seite &#8222;Kontakt&#8222;.<\/p>\n","protected":false},"author":1,"featured_media":0,"parent":76,"menu_order":0,"comment_status":"closed","ping_status":"closed","template":"","meta":{"footnotes":""},"class_list":["post-78","page","type-page","status-publish","hentry"],"_links":{"self":[{"href":"https:\/\/www.grundschule-herkenrath.de\/hp\/wp-json\/wp\/v2\/pages\/78","targetHints":{"allow":["GET"]}}],"collection":[{"href":"https:\/\/www.grundschule-herkenrath.de\/hp\/wp-json\/wp\/v2\/pages"}],"about":[{"href":"https:\/\/www.grundschule-herkenrath.de\/hp\/wp-json\/wp\/v2\/types\/page"}],"author":[{"embeddable":true,"href":"https:\/\/www.grundschule-herkenrath.de\/hp\/wp-json\/wp\/v2\/users\/1"}],"replies":[{"embeddable":true,"href":"https:\/\/www.grundschule-herkenrath.de\/hp\/wp-json\/wp\/v2\/comments?post=78"}],"version-history":[{"count":9,"href":"https:\/\/www.grundschule-herkenrath.de\/hp\/wp-json\/wp\/v2\/pages\/78\/revisions"}],"predecessor-version":[{"id":3208,"href":"https:\/\/www.grundschule-herkenrath.de\/hp\/wp-json\/wp\/v2\/pages\/78\/revisions\/3208"}],"up":[{"embeddable":true,"href":"https:\/\/www.grundschule-herkenrath.de\/hp\/wp-json\/wp\/v2\/pages\/76"}],"wp:attachment":[{"href":"https:\/\/www.grundschule-herkenrath.de\/hp\/wp-json\/wp\/v2\/media?parent=78"}],"curies":[{"name":"wp","href":"https:\/\/api.w.org\/{rel}","templated":true}]}}

<p>Unsere neue Sekretärin Frau Ispas unerstützt die Schule bei zahlreichen Verwaltungstätigkeiten und beantwortet Ihnen gerne Fragen zu Terminen und Veranstaltungen.<br />Die Öffnungszeiten des Sekretariats entnehmen Sie bitte der Seite &#8222;<a href="https://www.grundschule-herkenrath.de/hp/?page_id=2">Kontakt</a>&#8222;.</p>

<p>Unsere neue Sekretärin Frau Ispas unerstützt die Schule bei zahlreichen Verwaltungstätigkeiten und beantwortet Ihnen gerne Fragen zu Terminen und Veranstaltungen.Die Öffnungszeiten des Sekretariats entnehmen Sie bitte der Seite &#8222;Kontakt&#8222;.</p>
