{"id":696,"date":"2016-03-12T11:49:55","date_gmt":"2016-03-12T10:49:55","guid":{"rendered":"http:\/\/www.grundschule-herkenrath.de\/hp\/?page_id=696"},"modified":"2024-01-08T13:26:51","modified_gmt":"2024-01-08T12:26:51","slug":"randstundenbetreuung","status":"publish","type":"page","link":"https:\/\/www.grundschule-herkenrath.de\/hp\/randstundenbetreuung\/","title":{"rendered":"Randstundenbetreuung"},"content":{"rendered":"<p><img loading=\"lazy\" decoding=\"async\" class=\"aligncenter size-medium wp-image-697\" src=\"https:\/\/www.grundschule-herkenrath.de\/hp\/wp-content\/uploads\/2016\/03\/Randstundenbetreuung-Logo-580x151.png\" alt=\"Randstundenbetreuung - Logo\" width=\"580\" height=\"151\" srcset=\"https:\/\/www.grundschule-herkenrath.de\/hp\/wp-content\/uploads\/2016\/03\/Randstundenbetreuung-Logo-580x151.png 580w, https:\/\/www.grundschule-herkenrath.de\/hp\/wp-content\/uploads\/2016\/03\/Randstundenbetreuung-Logo.png 605w\" sizes=\"auto, (max-width: 580px) 100vw, 580px\" \/><\/p>\n<p>Liebe Eltern,<\/p>\n<p>gerne wollen wir die <strong>Randstundenbetreuung<\/strong> f\u00fcr die Grundschulkinder der<br \/>\nGGS Herkenrath vorstellen.<\/p>\n<p>Wir wurden durch die Initiative von Eltern von Grundschulkindern gegr\u00fcndet. Ziel war es, den Kindern, die bereits nach der 4. Stunde Schulende haben, bis mittags eine Betreuung zu erm\u00f6glichen, ohne dass diese bis zum sp\u00e4ten Nachmittag in die OGS m\u00fcssen. Gerade Teilzeit besch\u00e4ftigten Eltern ist es oft nicht m\u00f6glich, schon um 11.30 die Abholung der Kinder von der Schule zu organisieren.<\/p>\n<p>Die Randstundenbetreuung ist f\u00fcr alle Kinder der Schule zug\u00e4nglich und findet t\u00e4glich von 11.30 \u2013 13.30 in den R\u00e4umen des KJG-Heims der katholischen Pfarrgemeinde St. Antonius Abbas, Im Fronhof 24 in Herkenrath statt.<br \/>\nDie Kinder werden je nach Anzahl von ein oder zwei erfahrenen Erziehern betreut.<br \/>\nUm 11.30 werden die Kinder an der Schule von einer Betreuerin abgeholt.<\/p>\n<p>Die Zeit wird zum Freispiel oder zur Erledigung der Hausaufgaben genutzt.<br \/>\nDie Anzahl der betreuten Tage, sowie die Zeit der Abholung sind flexibel und f\u00fcr jedes Kind individuell zu gestalten.<\/p>\n<p>W\u00e4hrend der Betreuungszeit findet zwar kein Mittagessen statt, den Kindern steht aber ein Korb mit frischem Obst und Gem\u00fcse kostenfrei zur Verf\u00fcgung.<\/p>\n<p>Die Zahl der Kinder ist auf 15 begrenzt. Die Kosten betragen 50.-\u20ac pro Monat, egal an wie vielen Tagen das Angebot genutzt wird. Ein Elternteil muss dem Verein mit einem Jahresbeitrag von 6,50 \u20ac beitreten.<br \/>\nEine Anmeldung ist jederzeit m\u00f6glich.<\/p>\n<p>Aufgrund der hohen Flexibilit\u00e4t und des \u00fcberschaubaren Aufwands stellt die Randstundenbetreuung eine sinnvolle Erg\u00e4nzung in der Betreuung der Grundschulkinder und eine Alternative zur OGS dar.<\/p>\n<p>Bei weiteren R\u00fcckfragen oder zur Anmeldung wenden Sie sich bitte an:<\/p>\n<ul>\n<li>1. Vorsitzende:\u00a0 Frau Clara Frisch<br \/>\nclara-frisch (at) gmx.de<\/li>\n<li>2. Vorsitzende: Frau Elke Halbach-Berster<br \/>\nelke.halbach (at) gmx.de<\/li>\n<\/ul>\n","protected":false},"excerpt":{"rendered":"<p>Liebe Eltern, gerne wollen wir die Randstundenbetreuung f\u00fcr die Grundschulkinder der GGS Herkenrath vorstellen. Wir wurden durch die Initiative von Eltern von Grundschulkindern gegr\u00fcndet. Ziel war es, den Kindern, die bereits nach der 4. Stunde Schulende haben, bis mittags eine Betreuung zu erm\u00f6glichen, ohne dass diese bis zum sp\u00e4ten Nachmittag in die OGS m\u00fcssen. Gerade [&hellip;]<\/p>\n","protected":false},"author":1,"featured_media":0,"parent":0,"menu_order":0,"comment_status":"closed","ping_status":"closed","template":"","meta":{"footnotes":""},"class_list":["post-696","page","type-page","status-publish","hentry"],"_links":{"self":[{"href":"https:\/\/www.grundschule-herkenrath.de\/hp\/wp-json\/wp\/v2\/pages\/696","targetHints":{"allow":["GET"]}}],"collection":[{"href":"https:\/\/www.grundschule-herkenrath.de\/hp\/wp-json\/wp\/v2\/pages"}],"about":[{"href":"https:\/\/www.grundschule-herkenrath.de\/hp\/wp-json\/wp\/v2\/types\/page"}],"author":[{"embeddable":true,"href":"https:\/\/www.grundschule-herkenrath.de\/hp\/wp-json\/wp\/v2\/users\/1"}],"replies":[{"embeddable":true,"href":"https:\/\/www.grundschule-herkenrath.de\/hp\/wp-json\/wp\/v2\/comments?post=696"}],"version-history":[{"count":9,"href":"https:\/\/www.grundschule-herkenrath.de\/hp\/wp-json\/wp\/v2\/pages\/696\/revisions"}],"predecessor-version":[{"id":2927,"href":"https:\/\/www.grundschule-herkenrath.de\/hp\/wp-json\/wp\/v2\/pages\/696\/revisions\/2927"}],"wp:attachment":[{"href":"https:\/\/www.grundschule-herkenrath.de\/hp\/wp-json\/wp\/v2\/media?parent=696"}],"curies":[{"name":"wp","href":"https:\/\/api.w.org\/{rel}","templated":true}]}}

<p><img loading="lazy" decoding="async" class="aligncenter size-medium wp-image-697" src="https://www.grundschule-herkenrath.de/hp/wp-content/uploads/2016/03/Randstundenbetreuung-Logo-580x151.png" alt="Randstundenbetreuung - Logo" width="580" height="151" srcset="https://www.grundschule-herkenrath.de/hp/wp-content/uploads/2016/03/Randstundenbetreuung-Logo-580x151.png 580w, https://www.grundschule-herkenrath.de/hp/wp-content/uploads/2016/03/Randstundenbetreuung-Logo.png 605w" sizes="auto, (max-width: 580px) 100vw, 580px" /></p>
<p>Liebe Eltern,</p>
<p>gerne wollen wir die <strong>Randstundenbetreuung</strong> für die Grundschulkinder der<br />
GGS Herkenrath vorstellen.</p>
<p>Wir wurden durch die Initiative von Eltern von Grundschulkindern gegründet. Ziel war es, den Kindern, die bereits nach der 4. Stunde Schulende haben, bis mittags eine Betreuung zu ermöglichen, ohne dass diese bis zum späten Nachmittag in die OGS müssen. Gerade Teilzeit beschäftigten Eltern ist es oft nicht möglich, schon um 11.30 die Abholung der Kinder von der Schule zu organisieren.</p>
<p>Die Randstundenbetreuung ist für alle Kinder der Schule zugänglich und findet täglich von 11.30 – 13.30 in den Räumen des KJG-Heims der katholischen Pfarrgemeinde St. Antonius Abbas, Im Fronhof 24 in Herkenrath statt.<br />
Die Kinder werden je nach Anzahl von ein oder zwei erfahrenen Erziehern betreut.<br />
Um 11.30 werden die Kinder an der Schule von einer Betreuerin abgeholt.</p>
<p>Die Zeit wird zum Freispiel oder zur Erledigung der Hausaufgaben genutzt.<br />
Die Anzahl der betreuten Tage, sowie die Zeit der Abholung sind flexibel und für jedes Kind individuell zu gestalten.</p>
<p>Während der Betreuungszeit findet zwar kein Mittagessen statt, den Kindern steht aber ein Korb mit frischem Obst und Gemüse kostenfrei zur Verfügung.</p>
<p>Die Zahl der Kinder ist auf 15 begrenzt. Die Kosten betragen 50.-€ pro Monat, egal an wie vielen Tagen das Angebot genutzt wird. Ein Elternteil muss dem Verein mit einem Jahresbeitrag von 6,50 € beitreten.<br />
Eine Anmeldung ist jederzeit möglich.</p>
<p>Aufgrund der hohen Flexibilität und des überschaubaren Aufwands stellt die Randstundenbetreuung eine sinnvolle Ergänzung in der Betreuung der Grundschulkinder und eine Alternative zur OGS dar.</p>
<p>Bei weiteren Rückfragen oder zur Anmeldung wenden Sie sich bitte an:</p>
<ul>
<li>1. Vorsitzende:  Frau Clara Frisch<br />
clara-frisch (at) gmx.de</li>
<li>2. Vorsitzende: Frau Elke Halbach-Berster<br />
elke.halbach (at) gmx.de</li>
</ul>

<p>Liebe Eltern, gerne wollen wir die Randstundenbetreuung für die Grundschulkinder der GGS Herkenrath vorstellen. Wir wurden durch die Initiative von Eltern von Grundschulkindern gegründet. Ziel war es, den Kindern, die bereits nach der 4. Stunde Schulende haben, bis mittags eine Betreuung zu ermöglichen, ohne dass diese bis zum späten Nachmittag in die OGS müssen. Gerade [&hellip;]</p>
