{"id":15,"date":"2015-10-15T22:23:13","date_gmt":"2015-10-15T20:23:13","guid":{"rendered":"http:\/\/www.grundschule-herkenrath.de\/hp\/?page_id=15"},"modified":"2026-08-31T11:32:43","modified_gmt":"2026-08-31T09:32:43","slug":"schulleitung","status":"publish","type":"page","link":"https:\/\/www.grundschule-herkenrath.de\/hp\/team-2\/schulleitung\/","title":{"rendered":"Schulleitung"},"content":{"rendered":"<style>\n@media (max-width: 600px) {\n  .schulleitung-foto {\n    float: none !important;\n    width: 100% !important;\n    max-width: 280px;\n    height: auto !important;\n    margin: 0 auto 20px auto !important;\n    display: block;\n  }\n}\n<\/style>\n<p><img loading=\"lazy\" decoding=\"async\" class=\"alignnone wp-image-1080 schulleitung-foto\" src=\"https:\/\/www.grundschule-herkenrath.de\/hp\/wp-content\/uploads\/2026\/08\/Homepage-Foto-Schulleitung-e1787933737788.jpg\" alt=\"Schulleiterin B\u00e4rbel Zimmermann\" width=\"280\" height=\"200\" style=\"float: right; margin: 0 0 20px 20px;\" \/><\/p>\n<p>Herzlich willkommen!<\/p>\n<p>Mein Name ist B\u00e4rbel Zimmermann und seit mehr als zehn Jahren gestalte ich als Schulleiterin gemeinsam mit unserem engagierten Kollegium, p\u00e4dagogischen Mitarbeitern der OGS, den Eltern und den Sch\u00fclerinnen und Sch\u00fclern das Schulleben und die Entwicklung unserer Schule. In dieser Zeit haben wir vieles bewegt, neue Wege eingeschlagen und zahlreiche Ver\u00e4nderungen gemeinsam gestaltet.<\/p>\n<p>Besonders wichtig ist mir, dass unsere Schule ein Ort ist, an dem sich Sch\u00fclerinnen und Sch\u00fcler wohlf\u00fchlen, gerne lernen und ihre individuellen St\u00e4rken entfalten k\u00f6nnen. Dabei stehen f\u00fcr mich ein respektvolles Miteinander, gegenseitige Wertsch\u00e4tzung und eine vertrauensvolle Zusammenarbeit im Mittelpunkt.<\/p>\n<p>Die vergangenen Jahre waren gepr\u00e4gt von vielen Herausforderungen, aber auch von sch\u00f6nen Begegnungen und gemeinsamen Erfolgen. Ich freue mich, dass wir als Schulgemeinschaft immer wieder neue Ideen entwickeln, Bew\u00e4hrtes weiterf\u00fchren und unsere Schule gemeinsam voranbringen.<\/p>\n<p>Auch in Zukunft m\u00f6chte ich diesen Weg mit Engagement, Offenheit und Freude weitergehen und dazu beitragen, dass unsere Schule ein lebendiger und zukunftsorientierter Lern- und Lebensort bleibt.<\/p>\n","protected":false},"excerpt":{"rendered":"<p>Herzlich willkommen! Mein Name ist B\u00e4rbel Zimmermann und seit mehr als zehn Jahren gestalte ich als Schulleiterin gemeinsam mit unserem engagierten Kollegium, p\u00e4dagogischen Mitarbeitern der OGS, den Eltern und den Sch\u00fclerinnen und Sch\u00fclern das Schulleben und die Entwicklung unserer Schule. In dieser Zeit haben wir vieles bewegt, neue Wege eingeschlagen und zahlreiche Ver\u00e4nderungen gemeinsam gestaltet. [&hellip;]<\/p>\n","protected":false},"author":3,"featured_media":0,"parent":76,"menu_order":0,"comment_status":"closed","ping_status":"closed","template":"","meta":{"footnotes":""},"class_list":["post-15","page","type-page","status-publish","hentry"],"_links":{"self":[{"href":"https:\/\/www.grundschule-herkenrath.de\/hp\/wp-json\/wp\/v2\/pages\/15","targetHints":{"allow":["GET"]}}],"collection":[{"href":"https:\/\/www.grundschule-herkenrath.de\/hp\/wp-json\/wp\/v2\/pages"}],"about":[{"href":"https:\/\/www.grundschule-herkenrath.de\/hp\/wp-json\/wp\/v2\/types\/page"}],"author":[{"embeddable":true,"href":"https:\/\/www.grundschule-herkenrath.de\/hp\/wp-json\/wp\/v2\/users\/3"}],"replies":[{"embeddable":true,"href":"https:\/\/www.grundschule-herkenrath.de\/hp\/wp-json\/wp\/v2\/comments?post=15"}],"version-history":[{"count":13,"href":"https:\/\/www.grundschule-herkenrath.de\/hp\/wp-json\/wp\/v2\/pages\/15\/revisions"}],"predecessor-version":[{"id":3370,"href":"https:\/\/www.grundschule-herkenrath.de\/hp\/wp-json\/wp\/v2\/pages\/15\/revisions\/3370"}],"up":[{"embeddable":true,"href":"https:\/\/www.grundschule-herkenrath.de\/hp\/wp-json\/wp\/v2\/pages\/76"}],"wp:attachment":[{"href":"https:\/\/www.grundschule-herkenrath.de\/hp\/wp-json\/wp\/v2\/media?parent=15"}],"curies":[{"name":"wp","href":"https:\/\/api.w.org\/{rel}","templated":true}]}}

<style>
@media (max-width: 600px) {
  .schulleitung-foto {
    float: none !important;
    width: 100% !important;
    max-width: 280px;
    height: auto !important;
    margin: 0 auto 20px auto !important;
    display: block;
  }
}
</style>
<p><img loading="lazy" decoding="async" class="alignnone wp-image-1080 schulleitung-foto" src="https://www.grundschule-herkenrath.de/hp/wp-content/uploads/2026/08/Homepage-Foto-Schulleitung-e1787933737788.jpg" alt="Schulleiterin Bärbel Zimmermann" width="280" height="200" style="float: right; margin: 0 0 20px 20px;" /></p>
<p>Herzlich willkommen!</p>
<p>Mein Name ist Bärbel Zimmermann und seit mehr als zehn Jahren gestalte ich als Schulleiterin gemeinsam mit unserem engagierten Kollegium, pädagogischen Mitarbeitern der OGS, den Eltern und den Schülerinnen und Schülern das Schulleben und die Entwicklung unserer Schule. In dieser Zeit haben wir vieles bewegt, neue Wege eingeschlagen und zahlreiche Veränderungen gemeinsam gestaltet.</p>
<p>Besonders wichtig ist mir, dass unsere Schule ein Ort ist, an dem sich Schülerinnen und Schüler wohlfühlen, gerne lernen und ihre individuellen Stärken entfalten können. Dabei stehen für mich ein respektvolles Miteinander, gegenseitige Wertschätzung und eine vertrauensvolle Zusammenarbeit im Mittelpunkt.</p>
<p>Die vergangenen Jahre waren geprägt von vielen Herausforderungen, aber auch von schönen Begegnungen und gemeinsamen Erfolgen. Ich freue mich, dass wir als Schulgemeinschaft immer wieder neue Ideen entwickeln, Bewährtes weiterführen und unsere Schule gemeinsam voranbringen.</p>
<p>Auch in Zukunft möchte ich diesen Weg mit Engagement, Offenheit und Freude weitergehen und dazu beitragen, dass unsere Schule ein lebendiger und zukunftsorientierter Lern- und Lebensort bleibt.</p>

<p>Herzlich willkommen! Mein Name ist Bärbel Zimmermann und seit mehr als zehn Jahren gestalte ich als Schulleiterin gemeinsam mit unserem engagierten Kollegium, pädagogischen Mitarbeitern der OGS, den Eltern und den Schülerinnen und Schülern das Schulleben und die Entwicklung unserer Schule. In dieser Zeit haben wir vieles bewegt, neue Wege eingeschlagen und zahlreiche Veränderungen gemeinsam gestaltet. [&hellip;]</p>
